. Give u(20).
25
Let o(i) = -213*i + 7013. Give o(33).
-16
Let a(x) = x**3 + 2*x**2 - 13*x - 22. Determine a(-4).
-2
Let g(b) = -2*b**3 - 4*b**2 + 39*b + 10. Give g(5).
-145
Let l(g) = 87*g + 2640. Calculate l(-29).
117
Let j(p) = 367*p - 2505. Determine j(7).
64
Let q(j) = -j**2 - 14*j - 67. Determine q(-19).
-162
Let z(o) = 378*o + 1512. Determine z(-4).
0
Let k(z) = -z**2 - 70*z + 16. Determine k(0).
16
Let g(v) = 3*v**2 - 41*v + 234. What is g(6)?
96
Let g(i) = -3182*i + 47736. Calculate g(15).
6
Let d(p) = -2279*p - 11414. Determine d(-5).
-19
Let o(s) = -s**3 - 21*s**2 + 59*s - 311. Determine o(-24).
1
Let r(o) = o**3 + o**2 + o - 145. Determine r(0).
-145
Let v(n) = -n**2 - 22*n + 128. What is v(-20)?
168
Let g(w) = -w**3 + 21*w**2 + 589*w + 109. Calculate g(37).
-2
Let p(o) = 4*o**3 + 118*o**2 - 59*o + 21. Give p(-30).
-9
Let x(w) = 51*w - 2129. What is x(34)?
-395
Let s(r) = 99*r - 5444. Calculate s(55).
1
Let l(o) = o**3 - 4*o**2 - 29*o + 67. Give l(10).
377
Let x(z) = 4*z**2 - 295*z + 152. Determine x(73).
-67
Let y(u) = -4*u**3 - 382*u**2 - 191*u - 106. Calculate y(-95).
-11
Let v(y) = -y - 44. What is v(-18)?
-26
Let s(x) = -2*x**2 + 4*x - 102. Calculate s(0).
-102
Let f(u) = -u**2 - 59*u - 251. What is f(-55)?
-31
Let j(a) = 190*a - 7217. What is j(38)?
3
Let r(q) = 2*q + 396. Give r(-32).
332
Let p(q) = -q + 42. Determine p(-21).
63
Let l(g) = -202*g - 50. Determine l(-1).
152
Let q(a) = -a**3 + 9*a**2 + 22*a + 22. Determine q(11).
22
Let t(p) = -58*p + 46. Give t(2).
-70
Let b(v) = -115*v**2 + 111*v. Determine b(1).
-4
Let z(c) = 3*c**3 - 93*c**2 + 112*c - 708. Calculate z(30).
-48
Let n(z) = -35*z + 1628. Calculate n(46).
18
Let g(n) = -818*n + 6516. Calculate g(8).
-28
Let d(n) = n**3 + 9*n**2 - 19*n - 191. What is d(-8)?
25
Let a(m) = 2*m**2 - 17*m + 44. What is a(9)?
53
Let x(i) = i**2 - 538*i - 6031. What is x(-11)?
8
Let p(q) = -68*q**2 + 1011*q + 98. Determine p(15).
-37
Let c(v) = 4*v**2 + 187*v + 1780. Calculate c(-13).
25
Let j(y) = 4*y**2 + 58*y + 388. What is j(-7)?
178
Let n(s) = 17*s**2 + 852*s + 116. Determine n(-50).
16
Let y(j) = 382*j + 65318. Determine y(-171).
-4
Let r(p) = p - 538. Determine r(9).
-529
Let f(g) = -2949*g - 11825. What is f(-4)?
-29
Let t(p) = 12*p**2 + 29*p - 424. What is t(5)?
21
Let j(x) = 25*x + 2587. What is j(-103)?
12
Let u(h) = -4*h**3 - 33*h**2 - 48*h - 129. What is u(-7)?
-38
Let a(f) = -f**2 - 34*f - 272. Give a(-22).
-8
Let j(w) = -2*w**2 + 609*w + 7. Give j(0).
7
Let h(l) = 7*l**2 - 214*l - 43. What is h(27)?
-718
Let c(l) = 2*l**3 - 119*l**2 - 59*l - 53. Give c(60).
7
Let p(a) = 2*a**2 - 17*a. Give p(16).
240
Let o(v) = 6*v - 176. What is o(82)?
316
Let u(a) = a**3 - 81*a**2 + 525*a - 511. Give u(74).
7
Let a(v) = 3*v**3 + 177*v**2 - v - 59. Calculate a(-59).
0
Let v(r) = -2*r**2 - 88*r + 699. Calculate v(-50).
99
Let j(m) = -1436*m + 7152. Calculate j(5).
-28
Let g(p) = p**3 - 4*p**2 - 15*p + 23. Give g(6).
5
Let h(z) = -3*z**2 + 147*z + 254. Give h(50).
104
Let b(x) = -23*x - 34. Give b(-1).
-11
Let u(t) = -t**3 + 10*t**2 - 2*t - 50. Calculate u(0).
-50
Let w(a) = 4*a + 334. Determine w(46).
518
Let m(o) = -o**2 - 58*o + 175. Calculate m(-61).
-8
Let g(d) = -227*d - 5837. Determine g(-26).
65
Let i(v) = -v**3 + 3*v**2 + 53*v - 168. What is i(7)?
7
Let b(t) = -143*t + 146. What is b(1)?
3
Let z(k) = k**2 - 35*k + 299. Calculate z(22).
13
Let p(c) = -c**3 - 9*c**2 - 24*c - 219. Give p(-9).
-3
Let t(g) = 18*g - 306. What is t(14)?
-54
Let u(d) = -170*d - 24312. Calculate u(-143).
-2
Let l(n) = -29*n - 198. What is l(-6)?
-24
Let y(u) = -4*u**2 + 56*u - 85. What is y(5)?
95
Let z(r) = r**2 + 1519*r - 12196. Give z(8).
20
Let o(w) = 2*w**3 + 28*w**2 + w - 21. Give o(-12).
543
Let c(k) = 5295*k - 68843. Calculate c(13).
-8
Let q(u) = -91*u + 14. What is q(-2)?
196
Let n(w) = -10*w - 331. What is n(-35)?
19
Let k(w) = w**3 + 23*w**2 - 144*w + 21. What is k(5)?
1
Let a(w) = -2*w**3 - 21*w**2 - 27*w + 18. Determine a(-9).
18
Let h(t) = -t**3 - 22*t**2 + 211*t + 13. Calculate h(7).
69
Let f(w) = -w**3 + 7*w**2 - 13*w + 171. Calculate f(7).
80
Let g(u) = -u**3 - 22*u**2 - 58*u - 13. Give g(-19).
6
Let t(n) = 3*n**3 - 58*n**2 + 84*n - 1231. What is t(19)?
4
Let t(d) = 16*d**2 - 42*d - 112. Give t(-2).
36
Let d(w) = 29*w**3 - 2*w. Give d(1).
27
Let u(n) = 11*n**2 - 926*n + 1096. What is u(83)?
17
Let u(v) = 31*v**2 - 50*v + 23. Give u(4).
319
Let p(d) = 5*d**2 - 13*d - 30. Calculate p(-4).
102
Let k(h) = -3*h**2 + 15*h + 45. What is k(12)?
-207
Let u(f) = -2*f**2 - 789*f + 790. Calculate u(1).
-1
Let u(b) = -101*b**2 - 4445*b - 48. What is u(-44)?
-4
Let b(q) = 6*q**3 + 48*q**2 + 13*q + 95. Calculate b(-8).
-9
Let x(p) = -3*p**2 + 61*p + 438. Give x(26).
-4
Let y(o) = -6*o - 15. What is y(19)?
-129
Let l(i) = -7*i + 104. What is l(15)?
-1
Let n(q) = 1066*q - 29865. Give n(28).
-17
Let c(h) = -2*h**2 - 46*h - 19. Calculate c(-10).
241
Let u(x) = -x**3 - 16*x**2 + 3*x + 77. Give u(-16).
29
Let c(y) = -y**3 - 11*y**2 - 72*y - 610. Give c(-10).
10
Let k(q) = 3*q**2 + 57*q + 18. Give k(-16).
-126
Let r(y) = y**3 + 16*y**2 + 15*y - 35. What is r(-15)?
-35
Let l(p) = -2*p**3 + 25*p**2 - 28*p + 21. Determine l(11).
76
Let c(y) = -y**3 - 9*y**2 + 36*y + 44. Give c(-11).
-110
Let m(o) = -3*o**2 - 193*o - 942. Calculate m(-59).
2
Let a(b) = -b**2 + 45*b - 411. Determine a(12).
-15
Let r(b) = -918*b - 925. Calculate r(-1).
-7
Let a(b) = -b**2 + 2256*b - 24686. Give a(11).
9
Let p(j) = -15*j**2 + 38*j - 12. Give p(2).
4
Let c(l) = 17*l**2 - 80*l + 2. Give c(5).
27
Let c(h) = -h**2 + 53*h - 521. What is c(14)?
25
Let f(q) = 5*q**2 - 3*q - 187. What is f(6)?
-25
Let t(u) = -2*u**2 - 4*u + 4. What is t(-8)?
-92
Let a(i) = i**3 - 141*i**2 + 546*i + 113. Determine a(137).
-161
Let u(t) = -35*t + 278. Give u(6).
68
Let z(c) = -2*c**3 - 10*c**2 + 205*c + 1158. What is z(-6)?
0
Let r(i) = 353*i - 6394. Give r(18).
-40
Let m(x) = 1323*x + 6613. Give m(-5).
-2
Let d(t) = -6*t**2 - 12*t + 207. Determine d(5).
-3
Let d(p) = 5*p**2 - 3*p + 5. What is d(3)?
41
Let q(v) = 61*v - 402. Calculate q(5).
-97
Let z(u) = 56*u + 1734. Give z(-31).
-2
Let j(k) = 3*k**3 - 42*k**2 + 24*k + 34. Determine j(13).
-161
Let i(z) = 868*z - 89419. What is i(103)?
-15
Let f(z) = -z**3 - 35*z**2 - 176*z - 52. Give f(-29).
6
Let u(n) = -55*n - 591. Give u(-9).
-96
Let y(j) = -j**2 + 170*j + 12661. What is y(-56)?
5
Let z(f) = 2*f**3 - 99*f**2 - 44*f + 62. Give z(50).
362
Let w(v) = -6*v**2 - 4*v - 5. Determine w(-5).
-135
Let v(x) = 131*x - 1405. Calculate v(11).
36
Let v(p) = 2*p**3 - 10*p**2 - 38*p + 188. Determine v(9).
494
Let v(g) = -g**2 + 83*g - 697. Give v(74).
-31
Let g(v) = 6*v**2 - 529*v - 140. What is g(89)?
305
Let f(x) = -4*x**3 + 54*x**2 + 27*x + 10. Determine f(14).
-4
Let c(v) = 47*v + 446. Calculate c(-9).
23
Let n(s) = -s**3 - 16*s**2 - 73*s - 100. Determine n(-5).
-10
Let f(h) = -h**3 + 12*h**2 - 7*h - 112. Give f(9).
68
Let l(o) = 28*o + 909. What is l(-24)?
237
Let o(f) = 21*f + 1516. Calculate o(-70).
46
Let b(n) = n**3 - 4*n**2 - 79*n + 331. Give b(4).
15
Let r(u) = -41*u + 662. Calculate r(16).
6
Let z(r) = r**2 - 38*r + 220. Determine z(30).
-20
Let i(x) = 620*x - 39669. Determine i(64).
11
Let p(j) = 5946*j + 41621. Give p(-7).
-1
Let c(h) = 4*h**3 - 97*h**2 + 5*h + 482. Determine c(24).
26
Let q(i) = -4*i**2 - 23*i + 71. What is q(4)?
-85
Let i(y) = 2*y**2 - 112*y - 1340. Give i(66).
-20
Let x(h) = -3*h**2 - 280*h - 6534. Calculate x(-47).
-1
Let l(y) = -y**2 + 24*y + 162. Give l(-6).
-18
Let q(k) = 200*k + 49369. Calculate q(-247).
-31
Let k(o) = -217*o - 761. Give k(-4).
107
Let o(b) = -33*b - 2623. Give o(-84).
149
Let m(l) = -371*l - 9647. Calculate m(-26).
-1
Let r(f) = -11*f + 28. What is r(3)?
-5
Let x(s) = -s**3 - 8*s**2 - 9*s + 14. Give x(-8).
86
Let g(s) = -21*s**2 + 8*s - 3. Calculate g(1).
-16
Let k(o) = -81*o + 8355. Give k(103).
12
Let j(v) = v**2 - 19*v - 7. Determine j(8).
-95
Let d(y) = -2*y**3 - 5*y**2 + 15*y + 38. Determine d(-5).
88
Let x(k) = k**2 + 2*k - 97. Give x(-11).
2
Let t(p) = p**3 + 36*p**2 + 117*p + 1659. What is t(-34)?
-7
Let j(u) = -9*u - 785. What is j(-90)?
25
Let h(l) = -l**3 + l**2 + 15*l + 17. Give h(-3).
8
Let p(k) = 2*k**2 - 190*k + 4420. Give p(42).
-32
Let n(j) 